{"id":1990,"date":"2026-04-14T13:22:19","date_gmt":"2026-04-14T13:22:19","guid":{"rendered":"https:\/\/www.lamagnaneriedecamias.com\/?page_id=1990"},"modified":"2026-04-14T13:42:42","modified_gmt":"2026-04-14T13:42:42","slug":"mentions-legales","status":"publish","type":"page","link":"https:\/\/www.lamagnaneriedecamias.com\/en\/mentions-legales\/","title":{"rendered":"Legal notice"},"content":{"rendered":"\t\t<div data-elementor-type=\"wp-page\" data-elementor-id=\"1990\" class=\"elementor elementor-1990\">\n\t\t\t\t<div class=\"elementor-element elementor-element-b84433b e-flex e-con-boxed e-con e-parent\" data-id=\"b84433b\" data-element_type=\"container\">\n\t\t\t\t\t<div class=\"e-con-inner\">\n\t\t\t\t<div class=\"elementor-element elementor-element-76a46e2 elementor-widget__width-initial elementor-widget elementor-widget-text-editor\" data-id=\"76a46e2\" data-element_type=\"widget\" data-widget_type=\"text-editor.default\">\n\t\t\t\t<div class=\"elementor-widget-container\">\n\t\t\t\t\t\t\t\t\t<p class=\"font-claude-response-body break-words whitespace-normal leading-[1.7]\"><strong>\u00c9diteur du site<\/strong> Nom : La Magnanerie de CamiasAdresse : 421 chemin de la taillade, Hameau de Camias, 30570 Saint-Andr\u00e9-de-Majencoules T\u00e9l\u00e9phone : 04 49 07 65 75 Email :\u00a0contact@lamagnaneriedecamias.com<\/p><p class=\"font-claude-response-body break-words whitespace-normal leading-[1.7]\">Forme juridique Entreprise individuelle SIRET : 93350449000014<\/p><p class=\"font-claude-response-body break-words whitespace-normal leading-[1.7]\"><strong>H\u00e9bergeur du site<\/strong> o2switch, Chem. des Pardiaux, 63000 Clermont-Ferrand<\/p><p class=\"font-claude-response-body break-words whitespace-normal leading-[1.7]\"><strong>Directeur de la publication<\/strong> Anne-Charlotte Cocault<\/p><p class=\"font-claude-response-body break-words whitespace-normal leading-[1.7]\"><strong>Propri\u00e9t\u00e9 intellectuelle<\/strong> Tous les contenus de ce site (textes, photos, logos) sont la propri\u00e9t\u00e9 exclusive de La Magnanerie de Camias. Toute reproduction est interdite sans autorisation.<\/p>\t\t\t\t\t\t\t\t<\/div>\n\t\t\t\t<\/div>\n\t\t\t\t\t<\/div>\n\t\t\t\t<\/div>\n\t\t\t\t<\/div>\n\t\t\n    <div class=\"xs_social_share_widget xs_share_url after_content \t\tmain_content  wslu-style-1 wslu-share-box-shaped wslu-fill-colored wslu-none wslu-share-horizontal wslu-theme-font-no wslu-main_content\">\n\n\t\t\n        <ul>\n\t\t\t        <\/ul>\n    <\/div> \n","protected":false},"excerpt":{"rendered":"<p>\u00c9diteur du site Nom : La Magnanerie de CamiasAdresse : 421 chemin de la taillade, Hameau de Camias, 30570 Saint-Andr\u00e9-de-Majencoules T\u00e9l\u00e9phone : 04 49 07 65 75 Email :\u00a0contact@lamagnaneriedecamias.com Forme juridique Entreprise individuelle SIRET : 93350449000014 H\u00e9bergeur du site o2switch, Chem. des Pardiaux, 63000 Clermont-Ferrand Directeur de la publication Anne-Charlotte Cocault Propri\u00e9t\u00e9 intellectuelle Tous les [&hellip;]<\/p>\n","protected":false},"author":1,"featured_media":0,"parent":0,"menu_order":0,"comment_status":"closed","ping_status":"closed","template":"elementor_theme","meta":{"site-sidebar-layout":"no-sidebar","site-content-layout":"page-builder","ast-site-content-layout":"full-width-container","site-content-style":"boxed","site-sidebar-style":"boxed","ast-global-header-display":"","ast-banner-title-visibility":"","ast-main-header-display":"","ast-hfb-above-header-display":"","ast-hfb-below-header-display":"","ast-hfb-mobile-header-display":"","site-post-title":"","ast-breadcrumbs-content":"","ast-featured-img":"disabled","footer-sml-layout":"","theme-transparent-header-meta":"","adv-header-id-meta":"","stick-header-meta":"","header-above-stick-meta":"","header-main-stick-meta":"","header-below-stick-meta":"","astra-migrate-meta-layouts":"set","ast-page-background-enabled":"default","ast-page-background-meta":{"desktop":{"background-color":"","background-image":"","background-repeat":"repeat","background-position":"center center","background-size":"auto","background-attachment":"scroll","background-type":"","background-media":"","overlay-type":"","overlay-color":"","overlay-opacity":"","overlay-gradient":""},"tablet":{"background-color":"","background-image":"","background-repeat":"repeat","background-position":"center center","background-size":"auto","background-attachment":"scroll","background-type":"","background-media":"","overlay-type":"","overlay-color":"","overlay-opacity":"","overlay-gradient":""},"mobile":{"background-color":"","background-image":"","background-repeat":"repeat","background-position":"center center","background-size":"auto","background-attachment":"scroll","background-type":"","background-media":"","overlay-type":"","overlay-color":"","overlay-opacity":"","overlay-gradient":""}},"ast-content-background-meta":{"desktop":{"background-color":"var(--ast-global-color-5)","background-image":"","background-repeat":"repeat","background-position":"center center","background-size":"auto","background-attachment":"scroll","background-type":"","background-media":"","overlay-type":"","overlay-color":"","overlay-opacity":"","overlay-gradient":""},"tablet":{"background-color":"var(--ast-global-color-5)","background-image":"","background-repeat":"repeat","background-position":"center center","background-size":"auto","background-attachment":"scroll","background-type":"","background-media":"","overlay-type":"","overlay-color":"","overlay-opacity":"","overlay-gradient":""},"mobile":{"background-color":"var(--ast-global-color-5)","background-image":"","background-repeat":"repeat","background-position":"center center","background-size":"auto","background-attachment":"scroll","background-type":"","background-media":"","overlay-type":"","overlay-color":"","overlay-opacity":"","overlay-gradient":""}},"footnotes":""},"class_list":["post-1990","page","type-page","status-publish","hentry"],"yoast_head":"<!-- This site is optimized with the Yoast SEO plugin v26.4 - https:\/\/yoast.com\/wordpress\/plugins\/seo\/ -->\n<title>Mentions l\u00e9gales - La Magnanerie de Camias<\/title>\n<meta name=\"description\" content=\"Mentions l\u00e9gales pour le site de la Magnanerie de Camias, chambres d&#039;h\u00f4tes et spa bien-\u00eatre dans les C\u00e9vennes.\" \/>\n<meta name=\"robots\" content=\"index, follow, max-snippet:-1, max-image-preview:large, max-video-preview:-1\" \/>\n<link rel=\"canonical\" href=\"https:\/\/www.lamagnaneriedecamias.com\/en\/mentions-legales\/\" \/>\n<meta property=\"og:locale\" content=\"en_GB\" \/>\n<meta property=\"og:type\" content=\"article\" \/>\n<meta property=\"og:title\" content=\"Mentions l\u00e9gales - La Magnanerie de Camias\" \/>\n<meta property=\"og:description\" content=\"Mentions l\u00e9gales pour le site de la Magnanerie de Camias, chambres d&#039;h\u00f4tes et spa bien-\u00eatre dans les C\u00e9vennes.\" \/>\n<meta property=\"og:url\" content=\"https:\/\/www.lamagnaneriedecamias.com\/en\/mentions-legales\/\" \/>\n<meta property=\"article:modified_time\" content=\"2026-04-14T13:42:42+00:00\" \/>\n<meta name=\"twitter:card\" content=\"summary_large_image\" \/>\n<meta name=\"twitter:label1\" content=\"Estimated reading time\" \/>\n\t<meta name=\"twitter:data1\" content=\"1 minute\" \/>\n<script type=\"application\/ld+json\" class=\"yoast-schema-graph\">{\"@context\":\"https:\/\/schema.org\",\"@graph\":[{\"@type\":\"WebPage\",\"@id\":\"https:\/\/www.lamagnaneriedecamias.com\/mentions-legales\/\",\"url\":\"https:\/\/www.lamagnaneriedecamias.com\/mentions-legales\/\",\"name\":\"Mentions l\u00e9gales - La Magnanerie de Camias\",\"isPartOf\":{\"@id\":\"https:\/\/www.lamagnaneriedecamias.com\/#website\"},\"datePublished\":\"2026-04-14T13:22:19+00:00\",\"dateModified\":\"2026-04-14T13:42:42+00:00\",\"description\":\"Mentions l\u00e9gales pour le site de la Magnanerie de Camias, chambres d'h\u00f4tes et spa bien-\u00eatre dans les C\u00e9vennes.\",\"breadcrumb\":{\"@id\":\"https:\/\/www.lamagnaneriedecamias.com\/mentions-legales\/#breadcrumb\"},\"inLanguage\":\"en-GB\",\"potentialAction\":[{\"@type\":\"ReadAction\",\"target\":[\"https:\/\/www.lamagnaneriedecamias.com\/mentions-legales\/\"]}]},{\"@type\":\"BreadcrumbList\",\"@id\":\"https:\/\/www.lamagnaneriedecamias.com\/mentions-legales\/#breadcrumb\",\"itemListElement\":[{\"@type\":\"ListItem\",\"position\":1,\"name\":\"Accueil\",\"item\":\"https:\/\/www.lamagnaneriedecamias.com\/\"},{\"@type\":\"ListItem\",\"position\":2,\"name\":\"Mentions l\u00e9gales\"}]},{\"@type\":\"WebSite\",\"@id\":\"https:\/\/www.lamagnaneriedecamias.com\/#website\",\"url\":\"https:\/\/www.lamagnaneriedecamias.com\/\",\"name\":\"La Magnanerie de Camias\",\"description\":\"Maison d&#039;h\u00f4tes et spa bien-\u00eatre\",\"publisher\":{\"@id\":\"https:\/\/www.lamagnaneriedecamias.com\/#organization\"},\"potentialAction\":[{\"@type\":\"SearchAction\",\"target\":{\"@type\":\"EntryPoint\",\"urlTemplate\":\"https:\/\/www.lamagnaneriedecamias.com\/?s={search_term_string}\"},\"query-input\":{\"@type\":\"PropertyValueSpecification\",\"valueRequired\":true,\"valueName\":\"search_term_string\"}}],\"inLanguage\":\"en-GB\"},{\"@type\":\"Organization\",\"@id\":\"https:\/\/www.lamagnaneriedecamias.com\/#organization\",\"name\":\"La Magnanerie de Camias\",\"url\":\"https:\/\/www.lamagnaneriedecamias.com\/\",\"logo\":{\"@type\":\"ImageObject\",\"inLanguage\":\"en-GB\",\"@id\":\"https:\/\/www.lamagnaneriedecamias.com\/#\/schema\/logo\/image\/\",\"url\":\"https:\/\/www.lamagnaneriedecamias.com\/wp-content\/uploads\/2025\/12\/Logo_Magnanerie_de_Camias-removebg-preview.png\",\"contentUrl\":\"https:\/\/www.lamagnaneriedecamias.com\/wp-content\/uploads\/2025\/12\/Logo_Magnanerie_de_Camias-removebg-preview.png\",\"width\":577,\"height\":433,\"caption\":\"La Magnanerie de Camias\"},\"image\":{\"@id\":\"https:\/\/www.lamagnaneriedecamias.com\/#\/schema\/logo\/image\/\"}}]}<\/script>\n<!-- \/ Yoast SEO plugin. -->","yoast_head_json":{"title":"Mentions l\u00e9gales - La Magnanerie de Camias","description":"Mentions l\u00e9gales pour le site de la Magnanerie de Camias, chambres d'h\u00f4tes et spa bien-\u00eatre dans les C\u00e9vennes.","robots":{"index":"index","follow":"follow","max-snippet":"max-snippet:-1","max-image-preview":"max-image-preview:large","max-video-preview":"max-video-preview:-1"},"canonical":"https:\/\/www.lamagnaneriedecamias.com\/en\/mentions-legales\/","og_locale":"en_GB","og_type":"article","og_title":"Mentions l\u00e9gales - La Magnanerie de Camias","og_description":"Mentions l\u00e9gales pour le site de la Magnanerie de Camias, chambres d'h\u00f4tes et spa bien-\u00eatre dans les C\u00e9vennes.","og_url":"https:\/\/www.lamagnaneriedecamias.com\/en\/mentions-legales\/","article_modified_time":"2026-04-14T13:42:42+00:00","twitter_card":"summary_large_image","twitter_misc":{"Estimated reading time":"1 minute"},"schema":{"@context":"https:\/\/schema.org","@graph":[{"@type":"WebPage","@id":"https:\/\/www.lamagnaneriedecamias.com\/mentions-legales\/","url":"https:\/\/www.lamagnaneriedecamias.com\/mentions-legales\/","name":"Mentions l\u00e9gales - La Magnanerie de Camias","isPartOf":{"@id":"https:\/\/www.lamagnaneriedecamias.com\/#website"},"datePublished":"2026-04-14T13:22:19+00:00","dateModified":"2026-04-14T13:42:42+00:00","description":"Mentions l\u00e9gales pour le site de la Magnanerie de Camias, chambres d'h\u00f4tes et spa bien-\u00eatre dans les C\u00e9vennes.","breadcrumb":{"@id":"https:\/\/www.lamagnaneriedecamias.com\/mentions-legales\/#breadcrumb"},"inLanguage":"en-GB","potentialAction":[{"@type":"ReadAction","target":["https:\/\/www.lamagnaneriedecamias.com\/mentions-legales\/"]}]},{"@type":"BreadcrumbList","@id":"https:\/\/www.lamagnaneriedecamias.com\/mentions-legales\/#breadcrumb","itemListElement":[{"@type":"ListItem","position":1,"name":"Accueil","item":"https:\/\/www.lamagnaneriedecamias.com\/"},{"@type":"ListItem","position":2,"name":"Mentions l\u00e9gales"}]},{"@type":"WebSite","@id":"https:\/\/www.lamagnaneriedecamias.com\/#website","url":"https:\/\/www.lamagnaneriedecamias.com\/","name":"La Magnanerie de Camias","description":"Maison d&#039;h\u00f4tes et spa bien-\u00eatre","publisher":{"@id":"https:\/\/www.lamagnaneriedecamias.com\/#organization"},"potentialAction":[{"@type":"SearchAction","target":{"@type":"EntryPoint","urlTemplate":"https:\/\/www.lamagnaneriedecamias.com\/?s={search_term_string}"},"query-input":{"@type":"PropertyValueSpecification","valueRequired":true,"valueName":"search_term_string"}}],"inLanguage":"en-GB"},{"@type":"Organization","@id":"https:\/\/www.lamagnaneriedecamias.com\/#organization","name":"La Magnanerie de Camias","url":"https:\/\/www.lamagnaneriedecamias.com\/","logo":{"@type":"ImageObject","inLanguage":"en-GB","@id":"https:\/\/www.lamagnaneriedecamias.com\/#\/schema\/logo\/image\/","url":"https:\/\/www.lamagnaneriedecamias.com\/wp-content\/uploads\/2025\/12\/Logo_Magnanerie_de_Camias-removebg-preview.png","contentUrl":"https:\/\/www.lamagnaneriedecamias.com\/wp-content\/uploads\/2025\/12\/Logo_Magnanerie_de_Camias-removebg-preview.png","width":577,"height":433,"caption":"La Magnanerie de Camias"},"image":{"@id":"https:\/\/www.lamagnaneriedecamias.com\/#\/schema\/logo\/image\/"}}]}},"_links":{"self":[{"href":"https:\/\/www.lamagnaneriedecamias.com\/en\/wp-json\/wp\/v2\/pages\/1990","targetHints":{"allow":["GET"]}}],"collection":[{"href":"https:\/\/www.lamagnaneriedecamias.com\/en\/wp-json\/wp\/v2\/pages"}],"about":[{"href":"https:\/\/www.lamagnaneriedecamias.com\/en\/wp-json\/wp\/v2\/types\/page"}],"author":[{"embeddable":true,"href":"https:\/\/www.lamagnaneriedecamias.com\/en\/wp-json\/wp\/v2\/users\/1"}],"replies":[{"embeddable":true,"href":"https:\/\/www.lamagnaneriedecamias.com\/en\/wp-json\/wp\/v2\/comments?post=1990"}],"version-history":[{"count":7,"href":"https:\/\/www.lamagnaneriedecamias.com\/en\/wp-json\/wp\/v2\/pages\/1990\/revisions"}],"predecessor-version":[{"id":1999,"href":"https:\/\/www.lamagnaneriedecamias.com\/en\/wp-json\/wp\/v2\/pages\/1990\/revisions\/1999"}],"wp:attachment":[{"href":"https:\/\/www.lamagnaneriedecamias.com\/en\/wp-json\/wp\/v2\/media?parent=1990"}],"curies":[{"name":"wp","href":"https:\/\/api.w.org\/{rel}","templated":true}]}}

<div data-elementor-type="wp-page" data-elementor-id="1990" class="elementor elementor-1990">
				<div class="elementor-element elementor-element-b84433b e-flex e-con-boxed e-con e-parent" data-id="b84433b" data-element_type="container">
					<div class="e-con-inner">
				<div class="elementor-element elementor-element-76a46e2 elementor-widget__width-initial elementor-widget elementor-widget-text-editor" data-id="76a46e2" data-element_type="widget" data-widget_type="text-editor.default">
				<div class="elementor-widget-container">
									<p class="font-claude-response-body break-words whitespace-normal leading-[1.7]"><strong>Éditeur du site</strong> Nom : La Magnanerie de CamiasAdresse : 421 chemin de la taillade, Hameau de Camias, 30570 Saint-André-de-Majencoules Téléphone : 04 49 07 65 75 Email : contact@lamagnaneriedecamias.com</p><p class="font-claude-response-body break-words whitespace-normal leading-[1.7]">Forme juridique Entreprise individuelle SIRET : 93350449000014</p><p class="font-claude-response-body break-words whitespace-normal leading-[1.7]"><strong>Hébergeur du site</strong> o2switch, Chem. des Pardiaux, 63000 Clermont-Ferrand</p><p class="font-claude-response-body break-words whitespace-normal leading-[1.7]"><strong>Directeur de la publication</strong> Anne-Charlotte Cocault</p><p class="font-claude-response-body break-words whitespace-normal leading-[1.7]"><strong>Propriété intellectuelle</strong> Tous les contenus de ce site (textes, photos, logos) sont la propriété exclusive de La Magnanerie de Camias. Toute reproduction est interdite sans autorisation.</p>								</div>
				</div>
					</div>
				</div>
				</div>
		
    <div class="xs_social_share_widget xs_share_url after_content 		main_content  wslu-style-1 wslu-share-box-shaped wslu-fill-colored wslu-none wslu-share-horizontal wslu-theme-font-no wslu-main_content">

		
        <ul>
			        </ul>
    </div>

<p>Éditeur du site Nom : La Magnanerie de CamiasAdresse : 421 chemin de la taillade, Hameau de Camias, 30570 Saint-André-de-Majencoules Téléphone : 04 49 07 65 75 Email : contact@lamagnaneriedecamias.com Forme juridique Entreprise individuelle SIRET : 93350449000014 Hébergeur du site o2switch, Chem. des Pardiaux, 63000 Clermont-Ferrand Directeur de la publication Anne-Charlotte Cocault Propriété intellectuelle Tous les [&hellip;]</p>

<!-- This site is optimized with the Yoast SEO plugin v26.4 - https://yoast.com/wordpress/plugins/seo/ -->
<title>Mentions légales - La Magnanerie de Camias</title>
<meta name="description" content="Mentions légales pour le site de la Magnanerie de Camias, chambres d&#039;hôtes et spa bien-être dans les Cévennes." />
<meta name="robots" content="index, follow, max-snippet:-1, max-image-preview:large, max-video-preview:-1" />
<link rel="canonical" href="https://www.lamagnaneriedecamias.com/en/mentions-legales/" />
<meta property="og:locale" content="en_GB" />
<meta property="og:type" content="article" />
<meta property="og:title" content="Mentions légales - La Magnanerie de Camias" />
<meta property="og:description" content="Mentions légales pour le site de la Magnanerie de Camias, chambres d&#039;hôtes et spa bien-être dans les Cévennes." />
<meta property="og:url" content="https://www.lamagnaneriedecamias.com/en/mentions-legales/" />
<meta property="article:modified_time" content="2026-04-14T13:42:42+00:00" />
<meta name="twitter:card" content="summary_large_image" />
<meta name="twitter:label1" content="Estimated reading time" />
	<meta name="twitter:data1" content="1 minute" />
<script type="application/ld+json" class="yoast-schema-graph">{"@context":"https://schema.org","@graph":[{"@type":"WebPage","@id":"https://www.lamagnaneriedecamias.com/mentions-legales/","url":"https://www.lamagnaneriedecamias.com/mentions-legales/","name":"Mentions légales - La Magnanerie de Camias","isPartOf":{"@id":"https://www.lamagnaneriedecamias.com/#website"},"datePublished":"2026-04-14T13:22:19+00:00","dateModified":"2026-04-14T13:42:42+00:00","description":"Mentions légales pour le site de la Magnanerie de Camias, chambres d'hôtes et spa bien-être dans les Cévennes.","breadcrumb":{"@id":"https://www.lamagnaneriedecamias.com/mentions-legales/#breadcrumb"},"inLanguage":"en-GB","potentialAction":[{"@type":"ReadAction","target":["https://www.lamagnaneriedecamias.com/mentions-legales/"]}]},{"@type":"BreadcrumbList","@id":"https://www.lamagnaneriedecamias.com/mentions-legales/#breadcrumb","itemListElement":[{"@type":"ListItem","position":1,"name":"Accueil","item":"https://www.lamagnaneriedecamias.com/"},{"@type":"ListItem","position":2,"name":"Mentions légales"}]},{"@type":"WebSite","@id":"https://www.lamagnaneriedecamias.com/#website","url":"https://www.lamagnaneriedecamias.com/","name":"La Magnanerie de Camias","description":"Maison d&#039;hôtes et spa bien-être","publisher":{"@id":"https://www.lamagnaneriedecamias.com/#organization"},"potentialAction":[{"@type":"SearchAction","target":{"@type":"EntryPoint","urlTemplate":"https://www.lamagnaneriedecamias.com/?s={search_term_string}"},"query-input":{"@type":"PropertyValueSpecification","valueRequired":true,"valueName":"search_term_string"}}],"inLanguage":"en-GB"},{"@type":"Organization","@id":"https://www.lamagnaneriedecamias.com/#organization","name":"La Magnanerie de Camias","url":"https://www.lamagnaneriedecamias.com/","logo":{"@type":"ImageObject","inLanguage":"en-GB","@id":"https://www.lamagnaneriedecamias.com/#/schema/logo/image/","url":"https://www.lamagnaneriedecamias.com/wp-content/uploads/2025/12/Logo_Magnanerie_de_Camias-removebg-preview.png","contentUrl":"https://www.lamagnaneriedecamias.com/wp-content/uploads/2025/12/Logo_Magnanerie_de_Camias-removebg-preview.png","width":577,"height":433,"caption":"La Magnanerie de Camias"},"image":{"@id":"https://www.lamagnaneriedecamias.com/#/schema/logo/image/"}}]}</script>
<!-- / Yoast SEO plugin. -->

Mentions légales - La Magnanerie de Camias

Mentions légales pour le site de la Magnanerie de Camias, chambres d'hôtes et spa bien-être dans les Cévennes.

Mentions légales

Maison d&#039;hôtes et spa bien-être
